+ (1 - 13 - 1) - -10 - 15?
-11
Calculate -11 - (-20 - 5) - (-18 - -4).
28
What is (193 - 80) + 29 + -66 + 38?
114
(83 - 22 - -4) + -33
32
Evaluate ((38 - 189) + 39 - (-7 - 1)) + 3.
-101
16 + -3 - ((-69 - -27) + 13)
42
73 + (63 - 37 - (-4 + 12))
91
Calculate -16 + (-6 - -25) + -19 + 16.
0
Calculate 2 + -4 + 2 - ((34 - -67) + -90).
-11
(2428 - 2470) + 0 + -2 + -1
-45
9 - 3 - (22 - (-11 - -8))
-19
What is (-42 - (5 - (6 - (8 + -9)))) + (-14 - -24)?
-30
Calculate 2 - -20 - (-73 - -89) - 20 - -118.
104
What is the value of -6 + -2 - (-2 + -10 - (41 + -18))?
27
What is the value of (-47 + 123 - 50) + -52?
-26
33 + 29 + -10 + -83
-31
Calculate -66 + (-18 - -82) + 70.
68
-42152 + 42126 + (0 - -79) + 1
54
Evaluate 8 - -1 - 19 - (-10 - -8 - 53).
45
Calculate (15 - (-6 - -17)) + 9 - 20 - (-4 - -88).
-91
Calculate 29 + -19 + -11 + -22 + (0 - 4).
-27
31 + (12 - (-35 + 62 + -16 + 2))
30
Calculate 27 - ((126 - 128) + (14 - 1) + -5) - 4.
17
Calculate 4 + (-15 + 35 - -9) + -18.
15
What is -14 - (-22 - (18 + -66) - -17) - -12?
-45
Calculate 11 + (-6 + 5 - (8 - 2)) + 32.
36
What is the value of (0 - (1 - (4 - -4))) + (-76 - -3 - -16)?
-50
What is the value of 8 + -63 + (-4 - (-18 + 5) - 5)?
-51
Evaluate -7 + 9 + (-12 - -30) - 15.
5
What is (-2 - 1 - -51) + -29 + 118 + -75?
62
Evaluate -12 + 9 - (16 - (6 + 1 + -6)).
-18
32 - 5 - ((-8 - (-5 + 3)) + -1)
34
61 + (-24 - -17 - (-1 + -8)) - (4 - -4)
55
Calculate -18 - 3 - (829 + -830).
-20
What is -14 - -4 - (17 - 20) - (-4 - 31)?
28
Evaluate 21 - (-2 - (21 + -12 + -19)).
13
What is 0 + -104 + (-17 + 4 - -11) + -41 + 39?
-108
What is (-1 + 84 - 9 - 27) + -9?
38
What is the value of 36 + -24 + -116 + 69?
-35
Evaluate (26 - (-5 + 44)) + 18.
5
Calculate 3 + 1 + -15 + (23 - -25 - 30).
7
Calculate -44 + 30 + (1 - -11 - -4).
2
127 + -408 + 244 + 8 + 0
-29
-381 - -378 - (-31 - 2)
30
(2 - 2) + 11 - ((493 - 187) + -216)
-79
What is the value of (45 - (42 - 3)) + -33?
-27
Calculate 54 - (-14 + (62 - 39) - (2 + 2 + -4)).
45
Calculate -9 + -71 + 141 + -2 + -26.
33
What is 9 - (19 - 9 - 23) - -6?
28
(-7 - (15 + 5)) + (4 - 3) + -1
-27
What is 5 - ((123 - 139) + -1 + 2 + -1)?
21
What is -39 + -30 - (19 - 74)?
-14
What is the value of -2 + -6 + 0 - (-8 - 32)?
32
8 - ((-28 - -19) + 1 + 92 - 10)
-66
-21 - (98 - (7 + 9 + -8 - -3))
-108
51 + (8 - (-6 - -4)) + -30 + 15
46
What is -1 + (68 - 0) - 5 - (0 - 0 - 7)?
69
What is the value of 934 - 905 - (56 - 2)?
-25
Evaluate -11 + 3 - 73 - (-11 - 0 - (-3 + -20)).
-93
Calculate 356 - 345 - (-9 - -77).
-57
(17 + -3 - (-31 - -22)) + 18 + -11
30
Evaluate -50 + 388 + -356 + -21 + (4 - 2).
-37
Calculate 40 + (8 - 10) + -1200 + 1207.
45
Calculate 16 - 10 - (45 - (20 + -15)).
-34
(13 - ((-15 - (46 - 12)) + -13)) + -14
61
What is 103 + 0 + (101 + -38 + -12 - 64)?
90
What is the value of -47 + -107 + 118 + 10?
-26
What is the value of (-36 - -71 - 25) + -14 - (54 + 2)?
-60
(0 - (-14 - -8)) + (2 - 9) + -63 + 7
-57
(20 - -1 - (-2029 + 2044)) + -158 + 1
-151
What is the value of -7 - (-11 + 6 + 5 + 11 - (-6 - 57))?
-81
What is 8 + -16 - -36 - 23 - 0?
5
-4 - 5 - (-22 - (-27 + 18) - 48)
52
Evaluate 15 + 0 + (-6 + 0 - (83 + -88 + -60)).
74
Evaluate 200 + -189 - (-8 - 1) - 61.
-41
Calculate 6 + (-7 - -58) + -52.
5
Evaluate 3 + -2 - 12 - -3 - (-948 + 979).
-39
What is -16 - (-21 + 11 + (7 - (2 - (-3 + 10))))?
-18
What is the value of 132 + 134 + -443 + 119?
-58
Calculate 2656 + -2675 - (-65 - 1).
47
Calculate (2 - 10) + 20 + 20 + -103 + -8 + -3.
-82
What is -7 + (-23 - (-50 - -24)) - -15?
11
What is the value of 4 - -45 - (12 - 4)?
41
What is 44 - 34 - (-4 - 1) - (-14 + 35)?
-6
133 + (-225 - -98) + (-1 - 11) + -1 + -51
-58
Evaluate 0 - (-37 - (-22 + (11 - -2) - 5)).
23
What is the value of -72 + (11 - 20 - (-37 + 21)) + 4 + -1?
-62
What is the value of -1 - -5 - (-1 - (4 + 3) - (-136 - -42))?
-82
Calculate (29 - 23) + 6 + -4 + -5 + -17.
-14
What is the value of 19 - (8 + -5 + (-7 - -18) + -3)?
8
Calculate -261 + 170 - (-2 - 62).
-27
Evaluate -4 + 8 + (18 - 16) + 58 + -52.
12
Calculate -5 + (-12 - 4 - (-65 + 39)) - 57.
-52
Evaluate 11 - (259 + -208 - (5 + 2 + 4)).
-29
What is the value of 0 - (-6 + 11 - (-9 + 12 + 1)) - 40?
-41
10 - 40 - (-34 + 19) - -8
-7
12 - ((-92 - -133) + -109)
80
What is the value of -5 + (0 - 7 - -33)?
21
-117 - (0 + 21 + (1 - 21 - -1))
-119
What is the value of 11 + -24 + (4 + -8 - (15 + -8 - 2))?
-22
-14 + (-1 - 4) + -27 + -6 + 34
-18
What is the value of 7 + -13 - ((-2 - (6 - 4) - 8) + 68)?
-62
What is the value of (193 - 190 - (1 + -29)) + -10 + 39?
60
What is 13 - (1 - 11 - (3 + -19) - -41)?
-34
Calculate (28 - 231) + 40 + -27 - -45.
-145
Evaluate -7 - -132 - (-42 + 38) - 13.
116
What is the value of 13 + -47 + -13 + -1 - (-5 + 7 + 6)?
-56
-30 - (-9 + (-9 - (7 + -9 + -28)))
-42
6 + (-15 - (3 - -3)) - (-35 - -27)
-7
What is the value of -91 + 144 + (-176 - -161)?
38
What is the value of (-3 + 8 - 6) + -4 + 7 + 38?
40
Evaluate (-42 - 1) + (-7 + 0 - (-25 + 22 + -1)).
-46
Calculate -2 + 5 - 4 - (8 - -58).
-67
7 + 4 + -14 + 8 - -65 - (7 - 1)
64
What is the value of -1 - (8 + 0) - (-53 + (-45 - (46 - 83)))?
52
Evaluate 150 - (-35 - (0 + -2) - -73).
110
What is -7 + 4 + 2 - (0 - -3) - 62?
-66
Evaluate (-18 - 13) + (-35 - -44).
-22
Calculate (-13 - ((-1 - 2) + -14 + 5)) + 3.
2
(-7 - -1) + 1 - (22 - (-11 - -29)) - 29
-38
What is 5 - (23 + -25 + -20)?
27
Calculate -51 - ((-23 - (23 - -11)) + 19).
-13
What is -8 + 27 - (-4 + 1 - (-6 - -24 - 14))?
26
What is 1 - 55 - (-15 - (-20 + -3 - -8))?
-54
Calculate -35 + (-27 - 33 - -26) + 34.
-35
What is the value of (-9 - -12) + (3 + 16 - (7 - 11)) + 9?
35
887 - 890 - (6 + -4 - (-3 - -1)) - -64
57
Evaluate (-65 + -14 - -74) + 27.
22
Calculate 19 - (37 - 78 - -20).
40
Evaluate -6 - 1 - (68 - (-6 + 71)) - (30 - -2).
-42
Calculate (2 - 4) + 85 - (6038 + -6008).
53
What is 69 - 74 - (5 + 1 - (0 - -2 - 41))?
-50
Calculate -42 + 10 + -2 + -9 + 21 + -12.
-34
Calculate -19 + 50 + 27 + -91.
-33
What is the value of -6 + 44 + 204 + -132?
110
Calculate 30 - (131 + -32 + 56 + -27).
-98
Evaluate (9 - ((18 - 29) + 23)) + -81 + (4 - 2).
-82
9219 + -9180 + 1 + -29
11
What is the value of -82 - (73 - (198 + 39))?
82
Calculate (1 - 119) + -6066 + 6126.
-58
Calculate (-112 - -63 - 30) + 24.
-55
Calculate (-49 - -35 - -39) + 14.
39
Evaluate -6 + (2 + -6 - -7) + -3 + 2 - -23.
19
335 - 440 - (-64 + 8)
-49
What is the value of (0 - -15 - 2) + -72 + (55 - 20) + 0?
-24
Calculate -45 - (-26 + 31 + -47).
-3
What is the value of -7 + -97 - (-671 - -588)?
-21
Calculate -27 - (8 + 11 + (106 - 88)).
-64
Calculate -12 + (92 + -16 - 26).
38
Evaluate (-208 - -311) + -4 + -18 + 3.
84
What is -120 - (-315 + 88 - -3)?
104
Evaluate (-9 - -3) + -9 + -20 - (-5 - (-5 - -4)).
-31
What is the value of -8009 + 8013 + (-15 - (0 - -2))?
-13
What is the value of -4 + 65 - (2 - -5 - (9 + -7 - 0))?
56
Evaluate (6 - (13 - -158)) + -309 + 351.
-123
Evaluate -97 + (41 + 48 - 38).
-46
What is the value of 68 + -7 + 6 + -17 + 14 + 7?
71
224 + -261 + (60 - 4) - -23
42
Evaluate 25 + (41 - 60 - -37 - -44).
87
What is the value of (-8 - (8 + 6)) + 41 - -38?
57
Evaluate 95 - (147 + -146 + -1 + -11 - -19).
87
What is -9 + (-54 - -7) - -22?
-34
90 - (127 + (117 - 83))
-71
Calculate 7 + -14 - (-10 - ((-13 - (12 + -13)) + 103)).
94
(82 + -72 - (-7 + 12 + -73 + 2)) + 11
87
What is the value of 14 + 1 + -18 - (9 + 1 + 7 + -6)?
-14
Evaluate (-91 - (91 - 57)) + 235.
110
Evaluate -24 + 0 + (-6 - 1 - (-5 + (-76 - -61))).
-11
Calculate (53 - (0 - -24)) + (29 - -54).
112
(14 - (2 + 18 - 1)) + (-94 - (-1 - -4))
-102
What is the value of (120 - 133) + (-59 - 6) - -34?
-44
What is -67 - ((-67 - 14) + 58)?
-44
(-14 + 156 - 265) + 46
-77
What is the value of 46 + -32 + (68 - (30 + -12))?
64
What is -40 - (-74 - (-4 + -51))?
-21
What is the value of 77 + 12 + 0 + (11 - (75 - 48))?
73
14 - ((20 - -1) + -39)
32
Calculate 10 - ((16 - -10) + -19 + -1 + (6 - 12)).
10
-62 + 4 + (91 - 10)
23
Evaluate 38 + -44 + (32 - -30 - (-1 + -5)).
62
Calculate -1 + -20 + ((21 - (-8 - -18)) + -6 - 7).
-23
-1 + 22 - (-378 + 361)
38
16 + 42 + -38 + -9 + 15
26
What is 5 + (-29 - (8 - 45 - -17))?
-4
What is the value of 61 - (-21 + -13 - -82)?
13
12 - (-11 + 1 + 22 + -6 + -44)
50
Calculate -626 - -681 - (53 - -2).
0
What is 62 - (7 + -8) - 109?
-46
